 is the highest common divisor of w and 58?
29
Let u(j) = j**2 - 24*j + 157. Let c be u(13). Let f be 160/c + 1/((-14)/6). What is the highest common divisor of 55 and f?
11
Suppose 106*s - 356 = 68. Let h = 124 + -23. Suppose -4*v = s*c - c - h, -58 = -2*v - 4*c. What is the highest common factor of 253 and v?
23
Let t(u) = 40*u + 4476. Let b be t(-108). What is the highest common factor of b and 228?
12
Let l(i) be the first derivative of 3 - 3/2*i**2 - 2*i. Let c be l(-7). What is the greatest common factor of 95 and c?
19
Let z(r) = -r**3 - 6*r**2 - 5*r + 1. Let d be z(-7). Suppose -6*y + 42 = 18. Let o = y + 13. What is the greatest common factor of o and d?
17
Suppose -u = -5*s - 6257, 5*s - 25103 = -u - 3*u. Suppose 74*h + u = 81*h. Calculate the greatest common divisor of h and 32.
32
Let q = 1930 - 1689. Calculate the greatest common divisor of q and 2.
1
Let b = -1153 + 655. Let r = -472 - b. What is the highest common factor of 338 and r?
26
Let f(b) = b**2 - 5*b + 4. Let d be f(4). Suppose d = -m + g + 21, 5*m - g - g = 90. Let o be (-27)/18 + 582/4. Calculate the highest common divisor of o and m.
16
Let v = -28004 + 28042. Calculate the highest common factor of 10811 and v.
19
Let h = 5715 + -2883. What is the highest common divisor of h and 32?
16
Let w(g) = g**3 + 12*g**2 - 23*g - 8. Let d be w(-11). Let t = 420 - d. What is the highest common divisor of t and 270?
54
Suppose 6*s + 113 - 257 = 0. Let j be -2*3/6*-2. Let x be -15*(j + (-64)/20). What is the highest common divisor of s and x?
6
Let d = 264 + -92. Suppose -d = -p + 4*s, -p - s = -4*p + 527. What is the greatest common factor of 33 and p?
11
Suppose 2*s - 340 + 84 = 5*h, -s = -h - 128. Suppose 6*n + 2*c + 128 = 10*n, 0 = -4*n - 2*c + s. What is the highest common factor of n and 400?
16
Let r = -88 + 216. Let s be (-34020)/168*(-2)/3. Let x = s - r. Calculate the highest common divisor of 14 and x.
7
Let y be ((-44)/(-6))/11 - 23/3. Let h(r) = r**3 + 6*r**2 - 5*r + 22. Let s be h(y). What is the highest common divisor of s and 120?
8
Let m = 74558 + -74526. Let w be -1 + (1 - (4 + -2)). Let n be 1/w - 98/(-4). Calculate the highest common divisor of m and n.
8
Let o(c) be the second derivative of c**5/20 + 3*c**4/4 - 5*c**3/6 - 7*c**2 - c - 3. Let u be o(-9). What is the greatest common divisor of u and 124?
31
Let h(q) = -q**2 - 19*q + 12. Let c = -4 - 2. Let i be h(c). Suppose 15*g - 17*g + i = 0. What is the greatest common factor of 405 and g?
45
Let l be -6*(2054/234 + (-2)/(-6))*-63. Calculate the highest common factor of 1230 and l.
246
Suppose 0 = 54*o - 1347 + 267. What is the highest common factor of o and 2740?
20
Suppose 0 = 4*q + 327 + 1377. Let i = -423 - q. What is the highest common factor of i and 7?
1
Suppose -12*z - 8 = q - 15*z, z + 16 = 3*q. Let j be (-228)/(-8) - 2/4. Calculate the greatest common factor of j and q.
7
Suppose 0 = -t + w - 36 - 31, 2*t + 135 = w. Let u = t - -85. Suppose 9*m - 1630 = -406. What is the greatest common factor of u and m?
17
Let w(b) = -4*b**3 - 10*b**2 - 10*b. Let s be w(-5). Suppose -109*c = -105*c - s. What is the greatest common factor of 255 and c?
15
Let x be (2*2/(-8))/(31/(-14446)). Let g = 332 - x. Let q = 119 - 53. Calculate the greatest common divisor of g and q.
33
Let t = -16127 + 26151. What is the highest common divisor of 56 and t?
56
Let i = 6241 + -6236. What is the greatest common factor of 1960 and i?
5
Let g be 858/(-2860) - (-723)/10. Suppose -4*u + 20 = u. Suppose 6*x - 28 = 2*x + 2*t, u*x - 26 = t. Calculate the highest common divisor of x and g.
6
Suppose 7*q = 13*q + 780. Let t = -86 - q. Suppose -107*b = -105*b - t. Calculate the highest common factor of b and 55.
11
Let k be 2*(-5)/2 + 70. Let t(n) = -2*n**3 - 21*n**2 - 13*n + 22. Let o be t(-10). What is the greatest common divisor of k and o?
13
Suppose 0 = -3*j + 26 + 19. Let h be 248/10 - (-3)/j. Let t(x) = -25*x**2 + 363*x - 7. Let g be t(14). What is the highest common divisor of g and h?
25
Let q = 33 - 24. Suppose -15*k = -q*k + 18. Let b(m) = -4*m**3 - m**2 - 9*m - 7. Let u be b(k). Calculate the greatest common divisor of u and 17.
17
Suppose 196*a = 198*a + 318. Let b = a - -165. What is the highest common factor of 15 and b?
3
Let i(j) = j**3 + 9*j**2 + 9*j + 4. Let p be 6/(-4) - (-33)/(-6). Let f be i(p). Suppose 271*c = 882 + 2641. Calculate the greatest common divisor of f and c.
13
Let s be 1308 + -39 - (-1 + 2 + -3). Calculate the greatest common divisor of 62 and s.
31
Let r(v) = 10*v**2 - 3*v + 1. Let a be r(2). Let i = -221 - -857. Suppose -5*d = -i - 239. Calculate the highest common factor of d and a.
35
Let s = -7292 + 7302. Calculate the greatest common divisor of s and 1565.
5
Let m be ((-6)/(-15) + (-9)/(-15))/(-1). Let z(d) = 153*d**2 - 4*d - 3. Let u be z(m). Let y be (-3)/9*84/(-2). Calculate the greatest common factor of u and y.
14
Let s be 1/(-7) + (-290)/(-70). Suppose -s*u = j - 35, 4*j + 3*u = 4*u + 72. Suppose 23 = 2*f + j. Calculate the greatest common factor of 2 and f.
2
Let g = 301 + -257. Suppose 51 = 4*o - 4*z - 9, 0 = -o + 4*z + 24. What is the greatest common factor of g and o?
4
Let o be (3 - -5)/((-22)/(-22444)) - (-1296)/2376. What is the highest common divisor of o and 154?
154
Suppose -2*w = 4*l - 680, -929 = -2*w + 2*l - 219. What is the greatest common divisor of 155 and w?
5
Let m be 1 + (-2 - (3 - 6))*-3. Let g be 2/4 + 27/6 + m. Suppose 0 = -5*t - g*x + 5 + 5, -5*t = -2*x - 10. Calculate the highest common divisor of 2 and t.
2
Suppose -j + 2*q + 47 + 18 = 0, -5*q = 5. What is the highest common factor of 63 and j?
63
Let r be ((-14)/4)/(3/(-24)). Suppose -5*q = 5*j - 130, j + 102 = 5*j + 3*q. Let x = j + -20. Calculate the highest common factor of x and r.
4
Let v(u) = -u**3 - 4*u**2 - 2*u + 3. Let p be v(-3). Suppose p = -10*k + 166 + 1914. Calculate the greatest common factor of k and 13.
13
Suppose 14*n - 18*n + 348 = 0. Suppose n = 3*r - 237. What is the highest common divisor of r and 48?
12
Let y be ((-14 - (-5 - -5)) + 9)*(-1 - 91). What is the greatest common divisor of y and 1564?
92
Suppose 0 = 50*h + 2292 - 56292. Calculate the highest common divisor of 405 and h.
135
Suppose -5*c + 2*q + 12 = 20, -4*c = -2*q + 6. Let k(i) = -i**3 - 2*i**2 - 6*i - 10. Let t be k(c). Calculate the highest common divisor of t and 13.
1
Let z(a) = -21*a + 837. Let u be z(25). Calculate the greatest common divisor of u and 195.
39
Let p be 1174/10 + (-216)/40 + 5. Let j = p + -114. Let d be (-1)/(26/(-12) - -2). Calculate the highest common divisor of d and j.
3
Suppose 8*w + 6 = 2*o + 10*w, 0 = -o - 5*w + 15. Suppose 5*u + c - 302 = o, -2*u = 4*c - 54 - 74. Calculate the highest common factor of u and 195.
15
Let j = -72 - -66. Let h be (-2)/(17/51*2/j). Calculate the highest common divisor of h and 18.
18
Let u be (-2696)/(-90) - (-854)/19215. What is the greatest common factor of u and 5730?
30
Suppose -3537 = 18*l - 13599. Calculate the greatest common factor of 3 and l.
1
Let b = 6306 - 5650. What is the greatest common factor of 8 and b?
8
Let p = 21075 - 14377. What is the greatest common divisor of 34 and p?
34
Let z = 8497 - 3593. Calculate the highest common divisor of z and 8.
8
Let t(h) = -117*h + 8810. Let p be t(75). Let g(a) = a**3 - a**2 + a + 49. Let o be g(0). Calculate the greatest common factor of o and p.
7
Let p = -2235 + 2280. Calculate the greatest common divisor of 285 and p.
15
Suppose -5*l - 4560 = -5*u, -2*u + 1818 = -6*l + 7*l. Calculate the highest common divisor of 78 and u.
26
Let o = 4517 + -3110. What is the highest common divisor of 63 and o?
21
Let o be (-100)/(-300) - 19168/(-6). What is the highest common divisor of 45 and o?
45
Let s(j) = 2*j**2 - 67*j - 11676. Let l be s(135). What is the greatest common factor of l and 428?
107
Let y = -35704 - -59469. What is the highest common divisor of y and 70?
35
Let l(u) = u**2 - 197. Let o be l(-13). Let g be 1*o/12*(6 - 9). What is the greatest common factor of g and 70?
7
Suppose 3*w - 349 = 2*w. Let g be w/(-9) + 44/(-198). Let k = g - -53. Calculate the highest common divisor of k and 35.
7
Let i be 2/4*(0 - (-18 - -6)). Let x = -88 + 66. Let m be (-27)/4*(x + 14). What is the highest common factor of 